{"id":4682,"date":"2025-10-03T14:56:48","date_gmt":"2025-10-03T14:56:48","guid":{"rendered":"https:\/\/familie-brust.diskstation.me\/wp2\/?page_id=4682"},"modified":"2025-10-03T14:56:48","modified_gmt":"2025-10-03T14:56:48","slug":"reiseberichte","status":"publish","type":"page","link":"https:\/\/familie-brust.diskstation.me\/wp2\/reiseberichte\/","title":{"rendered":"Reiseberichte"},"content":{"rendered":"\n<div class=\"wp-block-uagb-container uagb-block-2298e2b8 alignfull uagb-is-root-container\">\n<div class=\"wp-block-uagb-container uagb-block-d66257ef\">\n<div class=\"wp-block-uagb-container uagb-block-a596456d\">\n<div class=\"wp-block-uagb-info-box uagb-block-af2fb57d uagb-infobox__content-wrap  uagb-infobox-icon-above-title uagb-infobox-image-valign-top\"><div class=\"uagb-ifb-content\"><div class=\"uagb-ifb-title-wrap\"><h3 class=\"uagb-ifb-title\">Reiseberichte und andere Ereignisse<\/h3><\/div><div class=\"uagb-ifb-separator\"><\/div><p class=\"uagb-ifb-desc\">Hier findet man die Erlebnisse, bei denen ich mir die M\u00fche gemacht habe diese zu Dokumentieren.<br>Das Ganze befindet sich gerade im Aufbau, da ich meine Homepage auf dem eigenen Synology DS224+ NAS betreibe.<\/p><\/div><\/div>\n\n\n\n<div class=\"wp-block-columns is-layout-flex wp-container-core-columns-is-layout-28f84493 wp-block-columns-is-layout-flex\">\n<div class=\"wp-block-column is-layout-flow wp-block-column-is-layout-flow\">\n<div class=\"wp-block-uagb-advanced-heading uagb-block-13ca5b17\"><h3 class=\"uagb-heading-text\">Motorrad<\/h3><\/div>\n\n\n\n<div class=\"wp-block-uagb-advanced-heading uagb-block-d1585389\"><h4 class=\"uagb-heading-text\">2025 Jadranska Magistrala<\/h4><p class=\"uagb-desc-text\"><a href=\"https:\/\/familie-brust.diskstation.me\/wp2\/slowenien-kroatien-2025-1\/\" data-type=\"page\" data-id=\"4433\" target=\"_blank\" rel=\"noreferrer noopener\">Die K\u00fcstenstra\u00dfe Slowenien &#8211; Kroatien<\/a><\/p><\/div>\n\n\n\n<div class=\"wp-block-uagb-advanced-heading uagb-block-385c3734\"><h4 class=\"uagb-heading-text\">2024 Korsika<\/h4><p class=\"uagb-desc-text\"><a href=\"https:\/\/familie-brust.diskstation.me\/wp2\/korsika2024\/\" data-type=\"page\" data-id=\"3983\" target=\"_blank\" rel=\"noreferrer noopener\">Die sch\u00f6ne Insel<\/a><\/p><\/div>\n\n\n\n<div class=\"wp-block-uagb-advanced-heading uagb-block-b4e85d8e\"><h4 class=\"uagb-heading-text\">2024 Sardinien<\/h4><p class=\"uagb-desc-text\"><a href=\"https:\/\/familie-brust.diskstation.me\/wp2\/sardinien2024\/\" data-type=\"page\" data-id=\"4050\" target=\"_blank\" rel=\"noreferrer noopener\">Die wilde Sch\u00f6nheit Italiens<\/a><\/p><\/div>\n\n\n\n<div class=\"wp-block-uagb-advanced-heading uagb-block-7ebf4af8\"><h4 class=\"uagb-heading-text\">2023 Schweizer Alpenp\u00e4sse<\/h4><p class=\"uagb-desc-text\"><a href=\"https:\/\/familie-brust.diskstation.me\/wp2\/ch-schweizer-alpenpaesse-2023\/\" data-type=\"page\" data-id=\"3334\" target=\"_blank\" rel=\"noreferrer noopener\">Die Klassiker in der Schweiz<\/a><\/p><\/div>\n\n\n\n<div class=\"wp-block-uagb-advanced-heading uagb-block-2fb4a80d\"><h4 class=\"uagb-heading-text\">2022 Seealpen<br>Route des Grandes Alpes<\/h4><p class=\"uagb-desc-text\"><a href=\"https:\/\/familie-brust.diskstation.me\/wp2\/seealpen2022\/\" data-type=\"page\" data-id=\"3138\" target=\"_blank\" rel=\"noreferrer noopener\">Vom Genfer See bis Nizza<\/a><\/p><\/div>\n\n\n\n<div class=\"wp-block-uagb-advanced-heading uagb-block-7fe300f3\"><h4 class=\"uagb-heading-text\">2018 Ostseetour<\/h4><p class=\"uagb-desc-text\"><a href=\"https:\/\/motorradreisen.site123.me\/\" target=\"_blank\" rel=\"noreferrer noopener\">Mit dem Motorrad durch die Baltischen Staaten, St Petersburg \/Russland) und zur\u00fcck \u00fcber Helsinki &#8211; F\u00e4hre &#8211; Travem\u00fcnde<\/a><\/p><\/div>\n\n\n\n<div class=\"wp-block-uagb-advanced-heading uagb-block-5bee465d\"><h4 class=\"uagb-heading-text\">2009 Sizilien<\/h4><p class=\"uagb-desc-text\"><a href=\"https:\/\/familie-brust.diskstation.me\/Sizilien2009\/index.html\" target=\"_blank\" rel=\"noreferrer noopener\">Quer durch Italien bis zum h\u00f6chsten aktiven Vulkan Europas, dem \u00c4tna. Auch der Vesuv und der Stromboli lagen auf der Strecke.<\/a><\/p><\/div>\n\n\n\n<div class=\"wp-block-uagb-advanced-heading uagb-block-5fe6b861\"><h4 class=\"uagb-heading-text\">2007 Zermatt<\/h4><p class=\"uagb-desc-text\"><a href=\"https:\/\/familie-brust.diskstation.me\/Zermatt2007\/index.html\">Seit dem Jahr 2006 ist es Tradition, dass wir den Abschlu\u00df der Skisaison mit dem Beginn der Motorradsaison zusammenlegen. Robi und Keule sind mit den T\u00f6ffs, wie die Schweizer sagen, nach Zermatt zum Skifaren gefahren.<\/a><\/p><\/div>\n\n\n\n<div class=\"wp-block-uagb-advanced-heading uagb-block-6db0a054\"><h4 class=\"uagb-heading-text\">1998 Afrika<\/h4><p class=\"uagb-desc-text\"><strong><a href=\"https:\/\/familie-brust.diskstation.me\/arcor\/Gibraltar\/Gibraltar.html\" target=\"_blank\" rel=\"noreferrer noopener\">Eine 8179 km lange Motorradtour durch Frankreich, Spanien, Portugal bis nach Afrika. Das ist schon ein St\u00fcckchen, das sieht man selbst auf einer Europakarte.<\/a><\/strong><\/p><\/div>\n<\/div>\n\n\n\n<div class=\"wp-block-column is-layout-flow wp-block-column-is-layout-flow\">\n<div class=\"wp-block-uagb-advanced-heading uagb-block-215d1caa\"><h3 class=\"uagb-heading-text\">Fahrrad<\/h3><\/div>\n\n\n\n<div class=\"wp-block-uagb-container uagb-block-b194ad5d\">\n<div class=\"wp-block-uagb-advanced-heading uagb-block-076ca628\"><h4 class=\"uagb-heading-text\">2022 Bozen<\/h4><\/div>\n\n\n\n<p class=\"has-text-align-center has-link-color wp-elements-4a90f62aae0f299f2900e556f82e9c66\"><a href=\"https:\/\/familie-brust.diskstation.me\/wp2\/bozen2022\/\" data-type=\"page\" data-id=\"3263\" target=\"_blank\" rel=\"noreferrer noopener\">Und noch ein Alpencross, dieses mal nach Bozen, S\u00fcdtirol.<br>Und ganz bequem mit dem E-Bike.<\/a><\/p>\n<\/div>\n\n\n\n<div class=\"wp-block-uagb-advanced-heading uagb-block-162437a9\"><h4 class=\"uagb-heading-text\">2011 Venedig<\/h4><p class=\"uagb-desc-text\"><a href=\"http:\/\/freizeitradler.beepworld.de\/\">Wieder mal ein Alpencross, dieses mal nach Venedig, der Stadt im Wasser. (Leider war ich nur bei den Vorbereitungen dabei<\/a><a rel=\"noreferrer noopener\" href=\"https:\/\/familie-brust.diskstation.me\/Nizza1997\/Nizza1997.pdf\" target=\"_blank\">)<\/a><\/p><\/div>\n\n\n\n<div class=\"wp-block-uagb-advanced-heading uagb-block-7ab93bc7\"><h4 class=\"uagb-heading-text\">2004 R\u00fcgen<\/h4><p class=\"uagb-desc-text\"><a href=\"https:\/\/familie-brust.diskstation.me\/radtour2004\/index.html\">Man kann ja mal im Land bleiben.<br>1400 km durch Deutschland.<\/a><\/p><\/div>\n\n\n\n<div class=\"wp-block-uagb-advanced-heading uagb-block-0fb8cdb2\"><h4 class=\"uagb-heading-text\">2006 Kochertal<\/h4><p class=\"uagb-desc-text\"><a href=\"http:\/\/singer-hbg.de\/7.html\" target=\"_blank\" rel=\"noreferrer noopener\">Kochertal Radweg.<\/a><\/p><\/div>\n\n\n\n<div class=\"wp-block-uagb-advanced-heading uagb-block-e8415264\"><h4 class=\"uagb-heading-text\">2005 Bodensee<\/h4><p class=\"uagb-desc-text\"><a href=\"http:\/\/singer-hbg.de\/6.html\" target=\"_blank\" rel=\"noreferrer noopener\">\u00dcber die schw\u00e4bische Alb zum schw\u00e4bischen Meer.<\/a><\/p><\/div>\n\n\n\n<div class=\"wp-block-uagb-advanced-heading uagb-block-a43a8a25\"><h4 class=\"uagb-heading-text\">1997 Nizza<\/h4><p class=\"uagb-desc-text\"><a href=\"https:\/\/familie-brust.diskstation.me\/Nizza1997\/Nizza1997.pdf\" target=\"_blank\" rel=\"noreferrer noopener\">Von Nizza nach Hause, erster Alpencross (PDF)<\/a><\/p><\/div>\n\n\n\n<div class=\"wp-block-uagb-advanced-heading uagb-block-8ebe966e\"><h4 class=\"uagb-heading-text\">1993 Donauradweg<\/h4><p class=\"uagb-desc-text\"><a href=\"https:\/\/familie-brust.diskstation.me\/wp2\/donauradweg-93\/\" data-type=\"page\" data-id=\"4306\">Von der Donauquelle nach Wien (PDF)<\/a><\/p><\/div>\n\n\n\n<p class=\"has-text-align-center has-white-color has-text-color\">Weitere Inhalte folgen 02.10.2025&#8230;<\/p>\n<\/div>\n\n\n\n<div class=\"wp-block-column is-layout-flow wp-block-column-is-layout-flow\">\n<div class=\"wp-block-uagb-advanced-heading uagb-block-8c760ade\"><h3 class=\"uagb-heading-text\">Sonstiges<\/h3><\/div>\n\n\n\n<div class=\"wp-block-uagb-advanced-heading uagb-block-a5a10901\"><h4 class=\"uagb-heading-text\">2023 \/ 2024<\/h4><p class=\"uagb-desc-text\"><a href=\"https:\/\/familie-brust.diskstation.me\/wp2\/gl-anfang\/\" data-type=\"page\" data-id=\"2399\">Island \/ Gr\u00f6nland<\/a><\/p><\/div>\n\n\n\n<div class=\"wp-block-uagb-advanced-heading uagb-block-b3542519\"><h4 class=\"uagb-heading-text\">2012<\/h4><p class=\"uagb-desc-text\"><a href=\"https:\/\/familie-brust.diskstation.me\/Katzen\/Katzenbilder\/album\/index.html\">Meine Katzen Mogi und Babou (Einzug)<\/a><\/p><\/div>\n\n\n\n<div class=\"wp-block-uagb-advanced-heading uagb-block-ebde18bc\"><h4 class=\"uagb-heading-text\">2002<\/h4><p class=\"uagb-desc-text\"><a href=\"https:\/\/familie-brust.diskstation.me\/wp2\/segeln2002\/\" data-type=\"page\" data-id=\"2925\">Segeln am Bodensee<\/a><\/p><\/div>\n<\/div>\n<\/div>\n<\/div>\n<\/div>\n\n\n\n<div class=\"wp-block-uagb-container uagb-block-684926ef\">\n<div class=\"wp-block-uagb-advanced-heading uagb-block-e6ffbd81\"><h3 class=\"uagb-heading-text\">Was andere machen<\/h3><\/div>\n\n\n\n<div class=\"wp-block-uagb-advanced-heading uagb-block-3888a026\"><h4 class=\"uagb-heading-text\">2019 Tochter Alexa mit ihrem Freund in S\u00fcdostasien<\/h4><p class=\"uagb-desc-text\">Jetzt bin mal nicht ich unterwegs, sondern meine Tochter Alexa mit ihrem Freund Paul. <br>Sie sind rund 3 Monate (77 Tage) in S\u00fcdostasien unterwegs. <a href=\"https:\/\/paulundalexasthailandtour.jimdofree.com\/\">Thailand und Malaysia bis nach Singapur<\/a><\/p><\/div>\n\n\n\n<div class=\"wp-block-uagb-advanced-heading uagb-block-4c9de2bf\"><h4 class=\"uagb-heading-text\">2018 Kumpel Robi und Markus W. mit dem Motorrad durch Griechenland<\/h4><p class=\"uagb-desc-text\"><a href=\"https:\/\/motorradreise-nach-griechenland.site123.me\/\">Motorradreise durch Griechenland<\/a><\/p><\/div>\n<\/div>\n\n\n\n<div class=\"wp-block-uagb-container uagb-block-eed19b85\"><\/div>\n<\/div>\n","protected":false},"excerpt":{"rendered":"<p>Motorrad 2025 Jadranska Magistrala Die K\u00fcstenstra\u00dfe Slowenien &#8211; Kroatien 2024 Korsika Die sch\u00f6ne Insel 2024 Sardinien Die wilde Sch\u00f6nheit Italiens 2023 Schweizer Alpenp\u00e4sse Die Klassiker in der Schweiz 2022 SeealpenRoute des Grandes Alpes Vom Genfer See bis Nizza 2018 Ostseetour Mit dem Motorrad durch die Baltischen Staaten, St Petersburg \/Russland) und zur\u00fcck \u00fcber Helsinki &#8211; [&hellip;]<\/p>\n","protected":false},"author":1,"featured_media":0,"parent":0,"menu_order":0,"comment_status":"closed","ping_status":"closed","template":"","meta":{"_uag_custom_page_level_css":"","site-sidebar-layout":"default","site-content-layout":"default","ast-site-content-layout":"default","site-content-style":"default","site-sidebar-style":"default","ast-global-header-display":"","ast-banner-title-visibility":"","ast-main-header-display":"","ast-hfb-above-header-display":"","ast-hfb-below-header-display":"","ast-hfb-mobile-header-display":"","site-post-title":"disabled","ast-breadcrumbs-content":"","ast-featured-img":"","footer-sml-layout":"","ast-disable-related-posts":"","theme-transparent-header-meta":"enabled","adv-header-id-meta":"","stick-header-meta":"","header-above-stick-meta":"","header-main-stick-meta":"","header-below-stick-meta":"","astra-migrate-meta-layouts":"set","ast-page-background-enabled":"default","ast-page-background-meta":{"desktop":{"background-color":"var(--ast-global-color-4)","background-image":"","background-repeat":"repeat","background-position":"center center","background-size":"auto","background-attachment":"scroll","background-type":"","background-media":"","overlay-type":"","overlay-color":"","overlay-opacity":"","overlay-gradient":""},"tablet":{"background-color":"","background-image":"","background-repeat":"repeat","background-position":"center center","background-size":"auto","background-attachment":"scroll","background-type":"","background-media":"","overlay-type":"","overlay-color":"","overlay-opacity":"","overlay-gradient":""},"mobile":{"background-color":"","background-image":"","background-repeat":"repeat","background-position":"center center","background-size":"auto","background-attachment":"scroll","background-type":"","background-media":"","overlay-type":"","overlay-color":"","overlay-opacity":"","overlay-gradient":""}},"ast-content-background-meta":{"desktop":{"background-color":"var(--ast-global-color-5)","background-image":"","background-repeat":"repeat","background-position":"center center","background-size":"auto","background-attachment":"scroll","background-type":"","background-media":"","overlay-type":"","overlay-color":"","overlay-opacity":"","overlay-gradient":""},"tablet":{"background-color":"var(--ast-global-color-5)","background-image":"","background-repeat":"repeat","background-position":"center center","background-size":"auto","background-attachment":"scroll","background-type":"","background-media":"","overlay-type":"","overlay-color":"","overlay-opacity":"","overlay-gradient":""},"mobile":{"background-color":"var(--ast-global-color-5)","background-image":"","background-repeat":"repeat","background-position":"center center","background-size":"auto","background-attachment":"scroll","background-type":"","background-media":"","overlay-type":"","overlay-color":"","overlay-opacity":"","overlay-gradient":""}},"footnotes":""},"class_list":["post-4682","page","type-page","status-publish","hentry"],"uagb_featured_image_src":{"full":false,"thumbnail":false,"medium":false,"medium_large":false,"large":false,"1536x1536":false,"2048x2048":false},"uagb_author_info":{"display_name":"MartinWP","author_link":"https:\/\/familie-brust.diskstation.me\/wp2\/author\/martinwp\/"},"uagb_comment_info":0,"uagb_excerpt":"Motorrad 2025 Jadranska Magistrala Die K\u00fcstenstra\u00dfe Slowenien &#8211; Kroatien 2024 Korsika Die sch\u00f6ne Insel 2024 Sardinien Die wilde Sch\u00f6nheit Italiens 2023 Schweizer Alpenp\u00e4sse Die Klassiker in der Schweiz 2022 SeealpenRoute des Grandes Alpes Vom Genfer See bis Nizza 2018 Ostseetour Mit dem Motorrad durch die Baltischen Staaten, St Petersburg \/Russland) und zur\u00fcck \u00fcber Helsinki &#8211;&hellip;","_links":{"self":[{"href":"https:\/\/familie-brust.diskstation.me\/wp2\/wp-json\/wp\/v2\/pages\/4682","targetHints":{"allow":["GET"]}}],"collection":[{"href":"https:\/\/familie-brust.diskstation.me\/wp2\/wp-json\/wp\/v2\/pages"}],"about":[{"href":"https:\/\/familie-brust.diskstation.me\/wp2\/wp-json\/wp\/v2\/types\/page"}],"author":[{"embeddable":true,"href":"https:\/\/familie-brust.diskstation.me\/wp2\/wp-json\/wp\/v2\/users\/1"}],"replies":[{"embeddable":true,"href":"https:\/\/familie-brust.diskstation.me\/wp2\/wp-json\/wp\/v2\/comments?post=4682"}],"version-history":[{"count":1,"href":"https:\/\/familie-brust.diskstation.me\/wp2\/wp-json\/wp\/v2\/pages\/4682\/revisions"}],"predecessor-version":[{"id":4683,"href":"https:\/\/familie-brust.diskstation.me\/wp2\/wp-json\/wp\/v2\/pages\/4682\/revisions\/4683"}],"wp:attachment":[{"href":"https:\/\/familie-brust.diskstation.me\/wp2\/wp-json\/wp\/v2\/media?parent=4682"}],"curies":[{"name":"wp","href":"https:\/\/api.w.org\/{rel}","templated":true}]}}