{"id":4306,"date":"2025-03-15T17:44:26","date_gmt":"2025-03-15T17:44:26","guid":{"rendered":"https:\/\/familie-brust.diskstation.me\/wp2\/?page_id=4306"},"modified":"2025-03-15T17:59:10","modified_gmt":"2025-03-15T17:59:10","slug":"donauradweg-93","status":"publish","type":"page","link":"https:\/\/familie-brust.diskstation.me\/wp2\/donauradweg-93\/","title":{"rendered":"Donauradweg &#8217;93"},"content":{"rendered":"\n<div style=\"height:62px\" aria-hidden=\"true\" class=\"wp-block-spacer\"><\/div>\n\n\n\n<h4 class=\"wp-block-heading\">Donauradweg von Furtwangen bis Wien vom 2.07.1993 &#8211; 12.07.1993<\/h4>\n\n\n\n<p>Die ganze Radlerei hat mit einer Radtour durch den Schwarzwald begonnen, dem Westweg von Pforzheim nach Basel.<br>Denn in Baden-W\u00fcrttemberg gilt auf Wald- und Forstwegen die Zwei-Meter-Regel.<br>Nat\u00fcrlich sind wir, als gesetzestreue, umweltbewusste Radfahrer, den Westweg davor gefahren.<\/p>\n\n\n\n<p>P.S. In Baden-W\u00fcrttemberg gilt seit 1995 die Zwei-Meter-Regel. Der Paragraf 37 des Landeswaldgesetzes regelt das Betreten und Befahren des Waldes und sieht unter anderem vor, dass das Radfahren in baden-w\u00fcrttembergischen W\u00e4ldern grunds\u00e4tzlich auf allen Wegen gestattet ist, die breiter als zwei Meter sind. Grundlage war die Annahme, dass Radfahren auf Wegen mit weniger als zwei Metern zur Gef\u00e4hrdung von Wanderern oder zur Erosion der Wege f\u00fchre.<\/p>\n\n\n\n<p>Und diese <strong>Donauradweg Tour<\/strong> war der n\u00e4chste intesessante Einfall unseres Teams.<br>Nat\u00fcrlich nehmen wir nicht nur den gem\u00fctlichen Teil von Passau nach Wien, da wo die Wege entlang der Donau eben und sehr breit sind. (Traditionelle Treidelpfade entlang der Donau und ebene Geographie machten den Wegebau einfach) sondern starten an der Donauquelle.<br>Aber auch dies f\u00fchrt wieder zu Diskussionen, denn die Donauquelle ist in Donaueschingen, wie manche Menschen behaupten. <br><strong>Aber:<\/strong> Nach allgemeiner Auffassung entsteht die Donau ein wenig \u00f6stlich des Zentrums von Donaueschingen durch den Zusammenfluss der beiden Quellfl\u00fcsse Brigach und Breg. Ein Merkspruch hierzu lautet: \u201eBrigach und Breg bringen die Donau zuweg\u201c. Als Donauquelle werden jedoch auch mindestens zwei echte Quellen bezeichnet; symbolisch die des Donaubachs in Donaueschingen und hydrologisch die des gr\u00f6\u00dferen Quellflusses Breg an der Martinskapelle bei Furtwangen.<\/p>\n\n\n\n<div class=\"wp-block-uagb-advanced-heading uagb-block-76b113a6\"><h5 class=\"uagb-heading-text\">Etappenliste<\/h5><\/div>\n\n\n\n<ul class=\"wp-block-list\">\n<li>Furtwangen, Martinskapelle<\/li>\n\n\n\n<li>Sigmaringen<\/li>\n\n\n\n<li>Ulm<\/li>\n\n\n\n<li>Ingolstadt<\/li>\n\n\n\n<li>Regensburg<\/li>\n\n\n\n<li>Passau<\/li>\n\n\n\n<li>Linz<\/li>\n\n\n\n<li>Melk<\/li>\n\n\n\n<li>Wien<\/li>\n<\/ul>\n\n\n\n<div class=\"wp-block-uagb-image uagb-block-13d62a51 wp-block-uagb-image--layout-default wp-block-uagb-image--effect-static wp-block-uagb-image--align-none\"><figure class=\"wp-block-uagb-image__figure\"><img decoding=\"async\" srcset=\"https:\/\/familie-brust.diskstation.me\/wp2\/wp-content\/uploads\/2025\/03\/MST-Uebersichtskarte-1024x510.png ,https:\/\/familie-brust.diskstation.me\/wp2\/wp-content\/uploads\/2025\/03\/MST-Uebersichtskarte.png 780w, https:\/\/familie-brust.diskstation.me\/wp2\/wp-content\/uploads\/2025\/03\/MST-Uebersichtskarte.png 360w\" sizes=\"auto, (max-width: 480px) 150px\" src=\"https:\/\/familie-brust.diskstation.me\/wp2\/wp-content\/uploads\/2025\/03\/MST-Uebersichtskarte-1024x510.png\" alt=\"\" class=\"uag-image-4302\" width=\"1024\" height=\"510\" title=\"MST-Uebersichtskarte\" loading=\"lazy\" role=\"img\"\/><\/figure><\/div>\n\n\n\n<p>Der Reisebericht liegt im PDF-Format vor, ist ja auch ein Historisches Dokument aus dem letzten Jahrtausend.<\/p>\n\n\n\n<div data-wp-interactive=\"core\/file\" class=\"wp-block-file\"><object data-wp-bind--hidden=\"!state.hasPdfPreview\" hidden class=\"wp-block-file__embed\" data=\"https:\/\/familie-brust.diskstation.me\/wp2\/wp-content\/uploads\/2025\/03\/MST-Muscelshirttour_93_Donauradweg.pdf\" type=\"application\/pdf\" style=\"width:100%;height:600px\" aria-label=\"Einbettung von MST-Muscelshirttour_93_Donauradweg.\"><\/object><a id=\"wp-block-file--media-66ee8090-9b64-4f3e-916b-8254dbc1b723\" href=\"https:\/\/familie-brust.diskstation.me\/wp2\/wp-content\/uploads\/2025\/03\/MST-Muscelshirttour_93_Donauradweg.pdf\">MST-Muscelshirttour_93_Donauradweg<\/a><a href=\"https:\/\/familie-brust.diskstation.me\/wp2\/wp-content\/uploads\/2025\/03\/MST-Muscelshirttour_93_Donauradweg.pdf\" class=\"wp-block-file__button wp-element-button\" download aria-describedby=\"wp-block-file--media-66ee8090-9b64-4f3e-916b-8254dbc1b723\">Herunterladen<\/a><\/div>\n\n\n\n<p>Unser Moto T-Shirt, aus der Aservatenkammer geholt.<\/p>\n\n\n\n<div class=\"wp-block-uagb-image uagb-block-e7e065db wp-block-uagb-image--layout-default wp-block-uagb-image--effect-static wp-block-uagb-image--align-none\"><figure class=\"wp-block-uagb-image__figure\"><img decoding=\"async\" srcset=\"https:\/\/familie-brust.diskstation.me\/wp2\/wp-content\/uploads\/2025\/03\/MST-Muscelshirttour_93-768x1024.jpg ,https:\/\/familie-brust.diskstation.me\/wp2\/wp-content\/uploads\/2025\/03\/MST-Muscelshirttour_93-scaled.jpg 780w, https:\/\/familie-brust.diskstation.me\/wp2\/wp-content\/uploads\/2025\/03\/MST-Muscelshirttour_93-scaled.jpg 360w\" sizes=\"auto, (max-width: 480px) 150px\" src=\"https:\/\/familie-brust.diskstation.me\/wp2\/wp-content\/uploads\/2025\/03\/MST-Muscelshirttour_93-768x1024.jpg\" alt=\"\" class=\"uag-image-4304\" width=\"768\" height=\"1024\" title=\"MST-Muscelshirttour_93\" loading=\"lazy\" role=\"img\"\/><\/figure><\/div>\n","protected":false},"excerpt":{"rendered":"<p>Donauradweg von Furtwangen bis Wien vom 2.07.1993 &#8211; 12.07.1993 Die ganze Radlerei hat mit einer Radtour durch den Schwarzwald begonnen, dem Westweg von Pforzheim nach Basel.Denn in Baden-W\u00fcrttemberg gilt auf Wald- und Forstwegen die Zwei-Meter-Regel.Nat\u00fcrlich sind wir, als gesetzestreue, umweltbewusste Radfahrer, den Westweg davor gefahren. P.S. In Baden-W\u00fcrttemberg gilt seit 1995 die Zwei-Meter-Regel. Der Paragraf [&hellip;]<\/p>\n","protected":false},"author":1,"featured_media":0,"parent":0,"menu_order":3,"comment_status":"closed","ping_status":"closed","template":"","meta":{"_uag_custom_page_level_css":"","site-sidebar-layout":"default","site-content-layout":"","ast-site-content-layout":"default","site-content-style":"default","site-sidebar-style":"default","ast-global-header-display":"","ast-banner-title-visibility":"","ast-main-header-display":"","ast-hfb-above-header-display":"","ast-hfb-below-header-display":"","ast-hfb-mobile-header-display":"","site-post-title":"","ast-breadcrumbs-content":"","ast-featured-img":"","footer-sml-layout":"","ast-disable-related-posts":"","theme-transparent-header-meta":"","adv-header-id-meta":"","stick-header-meta":"","header-above-stick-meta":"","header-main-stick-meta":"","header-below-stick-meta":"","astra-migrate-meta-layouts":"set","ast-page-background-enabled":"default","ast-page-background-meta":{"desktop":{"background-color":"var(--ast-global-color-4)","background-image":"","background-repeat":"repeat","background-position":"center center","background-size":"auto","background-attachment":"scroll","background-type":"","background-media":"","overlay-type":"","overlay-color":"","overlay-opacity":"","overlay-gradient":""},"tablet":{"background-color":"","background-image":"","background-repeat":"repeat","background-position":"center center","background-size":"auto","background-attachment":"scroll","background-type":"","background-media":"","overlay-type":"","overlay-color":"","overlay-opacity":"","overlay-gradient":""},"mobile":{"background-color":"","background-image":"","background-repeat":"repeat","background-position":"center center","background-size":"auto","background-attachment":"scroll","background-type":"","background-media":"","overlay-type":"","overlay-color":"","overlay-opacity":"","overlay-gradient":""}},"ast-content-background-meta":{"desktop":{"background-color":"var(--ast-global-color-5)","background-image":"","background-repeat":"repeat","background-position":"center center","background-size":"auto","background-attachment":"scroll","background-type":"","background-media":"","overlay-type":"","overlay-color":"","overlay-opacity":"","overlay-gradient":""},"tablet":{"background-color":"var(--ast-global-color-5)","background-image":"","background-repeat":"repeat","background-position":"center center","background-size":"auto","background-attachment":"scroll","background-type":"","background-media":"","overlay-type":"","overlay-color":"","overlay-opacity":"","overlay-gradient":""},"mobile":{"background-color":"var(--ast-global-color-5)","background-image":"","background-repeat":"repeat","background-position":"center center","background-size":"auto","background-attachment":"scroll","background-type":"","background-media":"","overlay-type":"","overlay-color":"","overlay-opacity":"","overlay-gradient":""}},"footnotes":""},"class_list":["post-4306","page","type-page","status-publish","hentry"],"uagb_featured_image_src":{"full":false,"thumbnail":false,"medium":false,"medium_large":false,"large":false,"1536x1536":false,"2048x2048":false},"uagb_author_info":{"display_name":"MartinWP","author_link":"https:\/\/familie-brust.diskstation.me\/wp2\/author\/martinwp\/"},"uagb_comment_info":0,"uagb_excerpt":"Donauradweg von Furtwangen bis Wien vom 2.07.1993 &#8211; 12.07.1993 Die ganze Radlerei hat mit einer Radtour durch den Schwarzwald begonnen, dem Westweg von Pforzheim nach Basel.Denn in Baden-W\u00fcrttemberg gilt auf Wald- und Forstwegen die Zwei-Meter-Regel.Nat\u00fcrlich sind wir, als gesetzestreue, umweltbewusste Radfahrer, den Westweg davor gefahren. P.S. In Baden-W\u00fcrttemberg gilt seit 1995 die Zwei-Meter-Regel. Der Paragraf&hellip;","_links":{"self":[{"href":"https:\/\/familie-brust.diskstation.me\/wp2\/wp-json\/wp\/v2\/pages\/4306","targetHints":{"allow":["GET"]}}],"collection":[{"href":"https:\/\/familie-brust.diskstation.me\/wp2\/wp-json\/wp\/v2\/pages"}],"about":[{"href":"https:\/\/familie-brust.diskstation.me\/wp2\/wp-json\/wp\/v2\/types\/page"}],"author":[{"embeddable":true,"href":"https:\/\/familie-brust.diskstation.me\/wp2\/wp-json\/wp\/v2\/users\/1"}],"replies":[{"embeddable":true,"href":"https:\/\/familie-brust.diskstation.me\/wp2\/wp-json\/wp\/v2\/comments?post=4306"}],"version-history":[{"count":8,"href":"https:\/\/familie-brust.diskstation.me\/wp2\/wp-json\/wp\/v2\/pages\/4306\/revisions"}],"predecessor-version":[{"id":4317,"href":"https:\/\/familie-brust.diskstation.me\/wp2\/wp-json\/wp\/v2\/pages\/4306\/revisions\/4317"}],"wp:attachment":[{"href":"https:\/\/familie-brust.diskstation.me\/wp2\/wp-json\/wp\/v2\/media?parent=4306"}],"curies":[{"name":"wp","href":"https:\/\/api.w.org\/{rel}","templated":true}]}}

<div style="height:62px" aria-hidden="true" class="wp-block-spacer"></div>



<h4 class="wp-block-heading">Donauradweg von Furtwangen bis Wien vom 2.07.1993 &#8211; 12.07.1993</h4>



<p>Die ganze Radlerei hat mit einer Radtour durch den Schwarzwald begonnen, dem Westweg von Pforzheim nach Basel.<br>Denn in Baden-Württemberg gilt auf Wald- und Forstwegen die Zwei-Meter-Regel.<br>Natürlich sind wir, als gesetzestreue, umweltbewusste Radfahrer, den Westweg davor gefahren.</p>



<p>P.S. In Baden-Württemberg gilt seit 1995 die Zwei-Meter-Regel. Der Paragraf 37 des Landeswaldgesetzes regelt das Betreten und Befahren des Waldes und sieht unter anderem vor, dass das Radfahren in baden-württembergischen Wäldern grundsätzlich auf allen Wegen gestattet ist, die breiter als zwei Meter sind. Grundlage war die Annahme, dass Radfahren auf Wegen mit weniger als zwei Metern zur Gefährdung von Wanderern oder zur Erosion der Wege führe.</p>



<p>Und diese <strong>Donauradweg Tour</strong> war der nächste intesessante Einfall unseres Teams.<br>Natürlich nehmen wir nicht nur den gemütlichen Teil von Passau nach Wien, da wo die Wege entlang der Donau eben und sehr breit sind. (Traditionelle Treidelpfade entlang der Donau und ebene Geographie machten den Wegebau einfach) sondern starten an der Donauquelle.<br>Aber auch dies führt wieder zu Diskussionen, denn die Donauquelle ist in Donaueschingen, wie manche Menschen behaupten. <br><strong>Aber:</strong> Nach allgemeiner Auffassung entsteht die Donau ein wenig östlich des Zentrums von Donaueschingen durch den Zusammenfluss der beiden Quellflüsse Brigach und Breg. Ein Merkspruch hierzu lautet: „Brigach und Breg bringen die Donau zuweg“. Als Donauquelle werden jedoch auch mindestens zwei echte Quellen bezeichnet; symbolisch die des Donaubachs in Donaueschingen und hydrologisch die des größeren Quellflusses Breg an der Martinskapelle bei Furtwangen.</p>



<div class="wp-block-uagb-advanced-heading uagb-block-76b113a6"><h5 class="uagb-heading-text">Etappenliste</h5></div>



<ul class="wp-block-list">
<li>Furtwangen, Martinskapelle</li>



<li>Sigmaringen</li>



<li>Ulm</li>



<li>Ingolstadt</li>



<li>Regensburg</li>



<li>Passau</li>



<li>Linz</li>



<li>Melk</li>



<li>Wien</li>
</ul>



<div class="wp-block-uagb-image uagb-block-13d62a51 wp-block-uagb-image--layout-default wp-block-uagb-image--effect-static wp-block-uagb-image--align-none"><figure class="wp-block-uagb-image__figure"><img decoding="async" srcset="https://familie-brust.diskstation.me/wp2/wp-content/uploads/2025/03/MST-Uebersichtskarte-1024x510.png ,https://familie-brust.diskstation.me/wp2/wp-content/uploads/2025/03/MST-Uebersichtskarte.png 780w, https://familie-brust.diskstation.me/wp2/wp-content/uploads/2025/03/MST-Uebersichtskarte.png 360w" sizes="auto, (max-width: 480px) 150px" src="https://familie-brust.diskstation.me/wp2/wp-content/uploads/2025/03/MST-Uebersichtskarte-1024x510.png" alt="" class="uag-image-4302" width="1024" height="510" title="MST-Uebersichtskarte" loading="lazy" role="img"/></figure></div>



<p>Der Reisebericht liegt im PDF-Format vor, ist ja auch ein Historisches Dokument aus dem letzten Jahrtausend.</p>



<div data-wp-interactive="core/file" class="wp-block-file"><object data-wp-bind--hidden="!state.hasPdfPreview" hidden class="wp-block-file__embed" data="https://familie-brust.diskstation.me/wp2/wp-content/uploads/2025/03/MST-Muscelshirttour_93_Donauradweg.pdf" type="application/pdf" style="width:100%;height:600px" aria-label="Einbettung von MST-Muscelshirttour_93_Donauradweg."></object><a id="wp-block-file--media-66ee8090-9b64-4f3e-916b-8254dbc1b723" href="https://familie-brust.diskstation.me/wp2/wp-content/uploads/2025/03/MST-Muscelshirttour_93_Donauradweg.pdf">MST-Muscelshirttour_93_Donauradweg</a><a href="https://familie-brust.diskstation.me/wp2/wp-content/uploads/2025/03/MST-Muscelshirttour_93_Donauradweg.pdf" class="wp-block-file__button wp-element-button" download aria-describedby="wp-block-file--media-66ee8090-9b64-4f3e-916b-8254dbc1b723">Herunterladen</a></div>



<p>Unser Moto T-Shirt, aus der Aservatenkammer geholt.</p>



<div class="wp-block-uagb-image uagb-block-e7e065db wp-block-uagb-image--layout-default wp-block-uagb-image--effect-static wp-block-uagb-image--align-none"><figure class="wp-block-uagb-image__figure"><img decoding="async" srcset="https://familie-brust.diskstation.me/wp2/wp-content/uploads/2025/03/MST-Muscelshirttour_93-768x1024.jpg ,https://familie-brust.diskstation.me/wp2/wp-content/uploads/2025/03/MST-Muscelshirttour_93-scaled.jpg 780w, https://familie-brust.diskstation.me/wp2/wp-content/uploads/2025/03/MST-Muscelshirttour_93-scaled.jpg 360w" sizes="auto, (max-width: 480px) 150px" src="https://familie-brust.diskstation.me/wp2/wp-content/uploads/2025/03/MST-Muscelshirttour_93-768x1024.jpg" alt="" class="uag-image-4304" width="768" height="1024" title="MST-Muscelshirttour_93" loading="lazy" role="img"/></figure></div>

<p>Donauradweg von Furtwangen bis Wien vom 2.07.1993 &#8211; 12.07.1993 Die ganze Radlerei hat mit einer Radtour durch den Schwarzwald begonnen, dem Westweg von Pforzheim nach Basel.Denn in Baden-Württemberg gilt auf Wald- und Forstwegen die Zwei-Meter-Regel.Natürlich sind wir, als gesetzestreue, umweltbewusste Radfahrer, den Westweg davor gefahren. P.S. In Baden-Württemberg gilt seit 1995 die Zwei-Meter-Regel. Der Paragraf [&hellip;]</p>

Donauradweg von Furtwangen bis Wien vom 2.07.1993 &#8211; 12.07.1993 Die ganze Radlerei hat mit einer Radtour durch den Schwarzwald begonnen, dem Westweg von Pforzheim nach Basel.Denn in Baden-Württemberg gilt auf Wald- und Forstwegen die Zwei-Meter-Regel.Natürlich sind wir, als gesetzestreue, umweltbewusste Radfahrer, den Westweg davor gefahren. P.S. In Baden-Württemberg gilt seit 1995 die Zwei-Meter-Regel. Der Paragraf&hellip;
