{"id":3425,"date":"2024-08-18T13:28:35","date_gmt":"2024-08-18T13:28:35","guid":{"rendered":"https:\/\/familie-brust.diskstation.me\/wp2\/?page_id=3425"},"modified":"2025-10-05T14:32:59","modified_gmt":"2025-10-05T14:32:59","slug":"gps-tomtom","status":"publish","type":"page","link":"https:\/\/familie-brust.diskstation.me\/wp2\/gps-tomtom\/","title":{"rendered":"GPS &#8211; TomTom"},"content":{"rendered":"\n<div style=\"height:40px\" aria-hidden=\"true\" class=\"wp-block-spacer\"><\/div>\n\n\n\n<div class=\"wp-block-uagb-advanced-heading uagb-block-fae445c0\"><h3 class=\"uagb-heading-text\">Tools f\u00fcr die Navigation mit TomTom<\/h3><\/div>\n\n\n\n<p>Meine Ger\u00e4te: <\/p>\n\n\n\n<p>Touren plant man besser am PC, denn auf dem TomTom ist es wegen dem kleine Display und der begrenzten Rechenleistung sehr m\u00fchs\u00e4hlig eine Tour zusammenzustellen. Vor Allem Korrekturen sind sehr fehleranf\u00e4llig.<\/p>\n\n\n\n<p><a href=\"https:\/\/plan.tomtom.com\/de\/\" target=\"_blank\" rel=\"noreferrer noopener\">https:\/\/plan.tomtom.com\/de\/<\/a><\/p>\n\n\n\n<p><a href=\"https:\/\/kurviger.de\/\" target=\"_blank\" rel=\"noreferrer noopener\">https:\/\/kurviger.de\/<\/a><\/p>\n\n\n\n<p><a rel=\"noreferrer noopener\" href=\"https:\/\/www.gpswerk.de\/\" target=\"_blank\">https:\/\/www.gpswerk.de\/<\/a><\/p>\n\n\n\n<p><a href=\"https:\/\/www.google.com\">https:\/\/www.google.com<\/a><\/p>\n\n\n\n<h3 class=\"wp-block-heading\">GPS &#8211; Tracker<\/h3>\n\n\n\n<p><a href=\"https:\/\/vip.sinotrack.com\/\" target=\"_blank\" rel=\"noreferrer noopener\">https:\/\/vip.sinotrack.com\/<\/a><\/p>\n","protected":false},"excerpt":{"rendered":"<p>Tools f\u00fcr die Navigation mit TomTom Meine Ger\u00e4te: Touren plant man besser am PC, denn auf dem TomTom ist es wegen dem kleine Display und der begrenzten Rechenleistung sehr m\u00fchs\u00e4hlig eine Tour zusammenzustellen. Vor Allem Korrekturen sind sehr fehleranf\u00e4llig. https:\/\/plan.tomtom.com\/de\/ https:\/\/kurviger.de\/ https:\/\/www.gpswerk.de\/ https:\/\/www.google.com GPS &#8211; Tracker https:\/\/vip.sinotrack.com\/<\/p>\n","protected":false},"author":1,"featured_media":0,"parent":0,"menu_order":0,"comment_status":"closed","ping_status":"closed","template":"","meta":{"_uag_custom_page_level_css":"","site-sidebar-layout":"default","site-content-layout":"","ast-site-content-layout":"default","site-content-style":"default","site-sidebar-style":"default","ast-global-header-display":"","ast-banner-title-visibility":"","ast-main-header-display":"","ast-hfb-above-header-display":"","ast-hfb-below-header-display":"","ast-hfb-mobile-header-display":"","site-post-title":"","ast-breadcrumbs-content":"","ast-featured-img":"","footer-sml-layout":"","ast-disable-related-posts":"","theme-transparent-header-meta":"","adv-header-id-meta":"","stick-header-meta":"","header-above-stick-meta":"","header-main-stick-meta":"","header-below-stick-meta":"","astra-migrate-meta-layouts":"set","ast-page-background-enabled":"default","ast-page-background-meta":{"desktop":{"background-color":"var(--ast-global-color-4)","background-image":"","background-repeat":"repeat","background-position":"center center","background-size":"auto","background-attachment":"scroll","background-type":"","background-media":"","overlay-type":"","overlay-color":"","overlay-opacity":"","overlay-gradient":""},"tablet":{"background-color":"","background-image":"","background-repeat":"repeat","background-position":"center center","background-size":"auto","background-attachment":"scroll","background-type":"","background-media":"","overlay-type":"","overlay-color":"","overlay-opacity":"","overlay-gradient":""},"mobile":{"background-color":"","background-image":"","background-repeat":"repeat","background-position":"center center","background-size":"auto","background-attachment":"scroll","background-type":"","background-media":"","overlay-type":"","overlay-color":"","overlay-opacity":"","overlay-gradient":""}},"ast-content-background-meta":{"desktop":{"background-color":"var(--ast-global-color-5)","background-image":"","background-repeat":"repeat","background-position":"center center","background-size":"auto","background-attachment":"scroll","background-type":"","background-media":"","overlay-type":"","overlay-color":"","overlay-opacity":"","overlay-gradient":""},"tablet":{"background-color":"var(--ast-global-color-5)","background-image":"","background-repeat":"repeat","background-position":"center center","background-size":"auto","background-attachment":"scroll","background-type":"","background-media":"","overlay-type":"","overlay-color":"","overlay-opacity":"","overlay-gradient":""},"mobile":{"background-color":"var(--ast-global-color-5)","background-image":"","background-repeat":"repeat","background-position":"center center","background-size":"auto","background-attachment":"scroll","background-type":"","background-media":"","overlay-type":"","overlay-color":"","overlay-opacity":"","overlay-gradient":""}},"footnotes":""},"class_list":["post-3425","page","type-page","status-publish","hentry"],"uagb_featured_image_src":{"full":false,"thumbnail":false,"medium":false,"medium_large":false,"large":false,"1536x1536":false,"2048x2048":false},"uagb_author_info":{"display_name":"MartinWP","author_link":"https:\/\/familie-brust.diskstation.me\/wp2\/author\/martinwp\/"},"uagb_comment_info":0,"uagb_excerpt":"Tools f\u00fcr die Navigation mit TomTom Meine Ger\u00e4te: Touren plant man besser am PC, denn auf dem TomTom ist es wegen dem kleine Display und der begrenzten Rechenleistung sehr m\u00fchs\u00e4hlig eine Tour zusammenzustellen. Vor Allem Korrekturen sind sehr fehleranf\u00e4llig. https:\/\/plan.tomtom.com\/de\/ https:\/\/kurviger.de\/ https:\/\/www.gpswerk.de\/ https:\/\/www.google.com GPS &#8211; Tracker https:\/\/vip.sinotrack.com\/","_links":{"self":[{"href":"https:\/\/familie-brust.diskstation.me\/wp2\/wp-json\/wp\/v2\/pages\/3425","targetHints":{"allow":["GET"]}}],"collection":[{"href":"https:\/\/familie-brust.diskstation.me\/wp2\/wp-json\/wp\/v2\/pages"}],"about":[{"href":"https:\/\/familie-brust.diskstation.me\/wp2\/wp-json\/wp\/v2\/types\/page"}],"author":[{"embeddable":true,"href":"https:\/\/familie-brust.diskstation.me\/wp2\/wp-json\/wp\/v2\/users\/1"}],"replies":[{"embeddable":true,"href":"https:\/\/familie-brust.diskstation.me\/wp2\/wp-json\/wp\/v2\/comments?post=3425"}],"version-history":[{"count":10,"href":"https:\/\/familie-brust.diskstation.me\/wp2\/wp-json\/wp\/v2\/pages\/3425\/revisions"}],"predecessor-version":[{"id":4787,"href":"https:\/\/familie-brust.diskstation.me\/wp2\/wp-json\/wp\/v2\/pages\/3425\/revisions\/4787"}],"wp:attachment":[{"href":"https:\/\/familie-brust.diskstation.me\/wp2\/wp-json\/wp\/v2\/media?parent=3425"}],"curies":[{"name":"wp","href":"https:\/\/api.w.org\/{rel}","templated":true}]}}