{"id":2399,"date":"2024-02-28T23:27:41","date_gmt":"2024-02-28T23:27:41","guid":{"rendered":"https:\/\/familie-brust.diskstation.me\/wordpress\/?page_id=2399"},"modified":"2024-02-29T00:28:23","modified_gmt":"2024-02-29T00:28:23","slug":"gl-anfang","status":"publish","type":"page","link":"https:\/\/familie-brust.diskstation.me\/wordpress\/gl-anfang\/","title":{"rendered":"GL-Anfang"},"content":{"rendered":"\n<div class=\"wp-block-uagb-container uagb-block-dd05b0e8 alignfull uagb-is-root-container\"><div class=\"uagb-container-inner-blocks-wrap\">\n<div class=\"wp-block-uagb-advanced-heading uagb-block-729d0d5f\"><h2 class=\"uagb-heading-text\">Island \/ Gr\u00f6nland<\/h2><\/div>\n\n\n\n<div class=\"wp-block-uagb-advanced-heading uagb-block-1828db3c\"><h4 class=\"uagb-heading-text\">Auf der Jagt nach den Nordlichtern<\/h4><\/div>\n\n\n\n<div class=\"wp-block-uagb-advanced-heading uagb-block-db979e2d\"><h4 class=\"uagb-heading-text\">Reiseplan:<\/h4><\/div>\n\n\n\n<p>Es geht mal wieder auf Reisen, <strong>Nordlichter<\/strong> anschauen und mal auf dem <strong>ewigen Eis<\/strong> stehen.<br>Vom <strong>21.12.2023 <\/strong>bis zum <strong>09.01.2024<\/strong> schauen wir uns Island und Gr\u00f6nland an. Und danach noch ein paar Tage in D\u00e4nemark zur Rezivilisierung.<\/p>\n\n\n\n<div class=\"wp-block-uagb-container uagb-block-131453e3 alignfull uagb-is-root-container\"><div class=\"uagb-container-inner-blocks-wrap\">\n<div class=\"wp-block-uagb-container uagb-block-d5d3926f alignfull uagb-is-root-container\"><div class=\"uagb-container-inner-blocks-wrap\">\n<figure class=\"wp-block-table is-style-regular\"><table><thead><tr><th>Was<\/th><th>Datum<\/th><th>Zeit<\/th><th>von<\/th><th>Zeit<\/th><th>nach<\/th><\/tr><\/thead><tbody><tr><td><img loading=\"lazy\" decoding=\"async\" width=\"50\" height=\"50\" class=\"wp-image-1619\" style=\"width: 50px;\" src=\"https:\/\/familie-brust.diskstation.me\/wordpress\/wp-content\/uploads\/2024\/02\/icon-Auto.png\" alt=\"\">   Auto<\/td><td>21.12.2023<\/td><td>05:40<\/td><td>Remseck<\/td><td>06:00<\/td><td>Winnenden<br>Bahnhof<\/td><\/tr><tr><td><img loading=\"lazy\" decoding=\"async\" width=\"64\" height=\"64\" class=\"wp-image-1620\" style=\"width: 64px;\" src=\"https:\/\/familie-brust.diskstation.me\/wordpress\/wp-content\/uploads\/2024\/02\/icon-Bahn.png\" alt=\"\"> Bahn &#8211; RE90<\/td><td>21.12.2023<\/td><td>06:11<\/td><td>Winnenden &#8211; Bahnhof<\/td><td>06:30<\/td><td>Stuttgart &#8211; Hauptbahnhof<\/td><\/tr><tr><td><img loading=\"lazy\" decoding=\"async\" width=\"64\" height=\"64\" class=\"wp-image-1620\" style=\"width: 64px;\" src=\"https:\/\/familie-brust.diskstation.me\/wordpress\/wp-content\/uploads\/2024\/02\/icon-Bahn.png\" alt=\"\"> Bahn &#8211; ICE<\/td><td>21.12.2023<\/td><td>07:25<\/td><td>Stuttgart &#8211; Hauptbahnhof<\/td><td>08:36<\/td><td>Frankfurt &#8211; Fernbahnhof<\/td><\/tr><tr><td><img loading=\"lazy\" decoding=\"async\" width=\"50\" height=\"50\" class=\"wp-image-1621\" style=\"width: 50px;\" src=\"https:\/\/familie-brust.diskstation.me\/wordpress\/wp-content\/uploads\/2024\/02\/icon-Flugzeug.png\" alt=\"\">   Flug &#8211; Fly Play<\/td><td>21.12.2023<\/td><td>11:40<\/td><td>Frankfurt &#8211; Flughafen<\/td><td>14:30<\/td><td>Reykjavik<\/td><\/tr><tr><td><strong><mark style=\"background-color:rgba(0, 0, 0, 0);color:#f60101\" class=\"has-inline-color\">Versp\u00e4tung<\/mark><\/strong><\/td><td><strong><mark style=\"background-color:rgba(0, 0, 0, 0);color:#f60101\" class=\"has-inline-color\">21.12.2023<\/mark><\/strong><\/td><td><strong><mark style=\"background-color:rgba(0, 0, 0, 0);color:#f60101\" class=\"has-inline-color\">19:10<\/mark><\/strong><\/td><td><\/td><td><\/td><td><\/td><\/tr><tr><td><\/td><td><\/td><td><\/td><td><\/td><td><\/td><td><\/td><\/tr><tr><td><img loading=\"lazy\" decoding=\"async\" width=\"50\" height=\"50\" class=\"wp-image-1621\" style=\"width: 50px;\" src=\"https:\/\/familie-brust.diskstation.me\/wordpress\/wp-content\/uploads\/2024\/02\/icon-Flugzeug.png\" alt=\"\">  Flug &#8211; Icelandair<\/td><td>26.12.2023<\/td><td>08:00<\/td><td>Reykjavik<\/td><td>09:45<\/td><td>Nuuk<\/td><\/tr><tr><td><strong><mark style=\"background-color:rgba(0, 0, 0, 0);color:#f60101\" class=\"has-inline-color\">Versp\u00e4tung<\/mark><\/strong><\/td><td><strong><mark style=\"background-color:rgba(0, 0, 0, 0);color:#f60101\" class=\"has-inline-color\">27.12.2023<\/mark><\/strong><\/td><td><strong><mark style=\"background-color:rgba(0, 0, 0, 0);color:#f60101\" class=\"has-inline-color\">21:00<\/mark><\/strong><\/td><td><\/td><td><\/td><td><\/td><\/tr><tr><td><\/td><td><\/td><td><\/td><td><\/td><td><\/td><td><\/td><\/tr><tr><td><img loading=\"lazy\" decoding=\"async\" width=\"50\" height=\"50\" class=\"wp-image-1621\" style=\"width: 50px;\" src=\"https:\/\/familie-brust.diskstation.me\/wordpress\/wp-content\/uploads\/2024\/02\/icon-Flugzeug.png\" alt=\"\">  Flug &#8211; Icelandair<\/td><td>02.01.2024<\/td><td>13:45<\/td><td>Nuuk<\/td><td>14:40<\/td><td>Kangerlussuaq<\/td><\/tr><tr><td><\/td><td><\/td><td><\/td><td><\/td><td><\/td><td><\/td><\/tr><tr><td><img loading=\"lazy\" decoding=\"async\" width=\"50\" height=\"50\" class=\"wp-image-1621\" style=\"width: 50px;\" src=\"https:\/\/familie-brust.diskstation.me\/wordpress\/wp-content\/uploads\/2024\/02\/icon-Flugzeug.png\" alt=\"\">  Flug &#8211; Icelandair<\/td><td>05.01.2024<\/td><td>12:55<\/td><td>Kangerlussuaq<\/td><td>20:15<\/td><td>Kopenhagen<\/td><\/tr><tr><td><\/td><td><\/td><td><\/td><td><\/td><td><\/td><td><\/td><\/tr><tr><td><img loading=\"lazy\" decoding=\"async\" width=\"50\" height=\"50\" class=\"wp-image-1621\" style=\"width: 50px;\" src=\"https:\/\/familie-brust.diskstation.me\/wordpress\/wp-content\/uploads\/2024\/02\/icon-Flugzeug.png\" alt=\"\">  Flug &#8211; Icelandair<\/td><td>09.01.2024<\/td><td>13:15<\/td><td>Kopenhagen<\/td><td>14:45<\/td><td>Frankfurt &#8211; Flughafen<\/td><\/tr><tr><td><img loading=\"lazy\" decoding=\"async\" width=\"64\" height=\"64\" class=\"wp-image-1620\" style=\"width: 64px;\" src=\"https:\/\/familie-brust.diskstation.me\/wordpress\/wp-content\/uploads\/2024\/02\/icon-Bahn.png\" alt=\"\">Bahn &#8211; ICE<\/td><td>09.01.2024<\/td><td>17:53<\/td><td>Frankfurt &#8211; Fernbahnhof<\/td><td>19:53<\/td><td>Stuttgart &#8211; Hauptbahnhof<\/td><\/tr><tr><td><img loading=\"lazy\" decoding=\"async\" width=\"64\" height=\"64\" class=\"wp-image-1620\" style=\"width: 64px;\" src=\"https:\/\/familie-brust.diskstation.me\/wordpress\/wp-content\/uploads\/2024\/02\/icon-Bahn.png\" alt=\"\">Bahn &#8211; RE90<\/td><td>09.01.2024<\/td><td>20:15<\/td><td>Stuttgart &#8211; Hauptbahnhof<\/td><td>20:39<\/td><td>Winnenden &#8211; Bahnhof<\/td><\/tr><tr><td><\/td><td><\/td><td><\/td><td><\/td><td><\/td><td><\/td><\/tr><\/tbody><\/table><\/figure>\n<\/div><\/div>\n\n\n\n<div class=\"wp-block-uagb-container uagb-block-ad591ebd alignfull uagb-is-root-container\"><div class=\"uagb-container-inner-blocks-wrap\">\n<div class=\"wp-block-uagb-container uagb-block-27f6ccdf\">\n<div class=\"wp-block-uagb-container uagb-block-4d620e4e\">\n<div class=\"wp-block-uagb-advanced-heading uagb-block-b7f30ce6\"><h3 class=\"uagb-heading-text\">Island<\/h3><p class=\"uagb-desc-text\">21-12-2023 &#8211; 27.12.2023<\/p><\/div>\n\n\n\n<p><strong>Vulkane, Geysire und hei\u00dfe Quellen<\/strong> \u2013 die isl\u00e4ndische Natur begeistert. Island ist ein wahres Eldorado f\u00fcr Naturbegeisterte. Denn das Eiland im Nordatlantik ist vulkanischen Ursprungs und daher \u00fcberaus reich an atemberaubenden Landschaften. Zahlreiche Vulkane, Geysire und hei\u00dfe Quellen pr\u00e4gen das Bild des Inselstaates.<\/p>\n\n\n\n<div class=\"wp-block-uagb-buttons uagb-buttons__outer-wrap uagb-btn__default-btn uagb-btn-tablet__default-btn uagb-btn-mobile__default-btn uagb-block-aadb6935\"><div class=\"uagb-buttons__wrap uagb-buttons-layout-wrap\">\n<div class=\"wp-block-uagb-buttons-child uagb-buttons__outer-wrap uagb-block-3af45fd1 wp-block-button\"><div class=\"uagb-button__wrapper\"><a class=\"uagb-buttons-repeater wp-block-button__link\" aria-label=\"\" href=\"\/wordpress\/gl-island\/\" rel=\"follow noopener\" target=\"_self\"><div class=\"uagb-button__link\">Island<\/div><span class=\"uagb-button__icon uagb-button__icon-position-after\"><svg xmlns=\"https:\/\/www.w3.org\/2000\/svg\" viewBox=\"0 0 448 512\"><path d=\"M438.6 278.6l-160 160C272.4 444.9 264.2 448 256 448s-16.38-3.125-22.62-9.375c-12.5-12.5-12.5-32.75 0-45.25L338.8 288H32C14.33 288 .0016 273.7 .0016 256S14.33 224 32 224h306.8l-105.4-105.4c-12.5-12.5-12.5-32.75 0-45.25s32.75-12.5 45.25 0l160 160C451.1 245.9 451.1 266.1 438.6 278.6z\"><\/path><\/svg><\/span><\/a><\/div><\/div>\n<\/div><\/div>\n<\/div>\n\n\n\n<div class=\"wp-block-uagb-container uagb-block-78652599\">\n<div class=\"wp-block-uagb-advanced-heading uagb-block-399613d9\"><h3 class=\"uagb-heading-text\">Gr\u00f6nland<\/h3><p class=\"uagb-desc-text\">28.12.2023 &#8211; 02.01.2024 Nuuk<br>03,01,2024 &#8211; 05.01.2024 Kangerlussuaq<\/p><\/div>\n\n\n\n<p><strong>Gr\u00f6nland die gr\u00f6\u00dfte Insel der Welt<\/strong>. Die Gesamtfl\u00e4che Gr\u00f6nlands betr\u00e4gt 2,16 Millionen Quadratkilometer. Beinahe 80 Prozent des Landes sind von einer <strong>Eiskappe <\/strong>bedeckt.<br><strong>Hinweis:<\/strong> Aufgrund der Datenmenge ist die Gr\u00f6nland Seite zweiteilig aufgebaut.<\/p>\n\n\n\n<div class=\"wp-block-uagb-buttons uagb-buttons__outer-wrap uagb-btn__default-btn uagb-btn-tablet__default-btn uagb-btn-mobile__default-btn uagb-block-4ee3f206\"><div class=\"uagb-buttons__wrap uagb-buttons-layout-wrap\">\n<div class=\"wp-block-uagb-buttons-child uagb-buttons__outer-wrap uagb-block-464f2cc7 wp-block-button\"><div class=\"uagb-button__wrapper\"><a class=\"uagb-buttons-repeater wp-block-button__link\" aria-label=\"\" href=\"\/wordpress\/gl-groenland-nuuk\/\" rel=\"follow noopener\" target=\"_self\"><div class=\"uagb-button__link\">Nuuk<\/div><span class=\"uagb-button__icon uagb-button__icon-position-after\"><svg xmlns=\"https:\/\/www.w3.org\/2000\/svg\" viewBox=\"0 0 448 512\"><path d=\"M438.6 278.6l-160 160C272.4 444.9 264.2 448 256 448s-16.38-3.125-22.62-9.375c-12.5-12.5-12.5-32.75 0-45.25L338.8 288H32C14.33 288 .0016 273.7 .0016 256S14.33 224 32 224h306.8l-105.4-105.4c-12.5-12.5-12.5-32.75 0-45.25s32.75-12.5 45.25 0l160 160C451.1 245.9 451.1 266.1 438.6 278.6z\"><\/path><\/svg><\/span><\/a><\/div><\/div>\n<\/div><\/div>\n\n\n\n<div class=\"wp-block-uagb-buttons uagb-buttons__outer-wrap uagb-btn__default-btn uagb-btn-tablet__default-btn uagb-btn-mobile__default-btn uagb-block-1fb28f8e\"><div class=\"uagb-buttons__wrap uagb-buttons-layout-wrap\">\n<div class=\"wp-block-uagb-buttons-child uagb-buttons__outer-wrap uagb-block-6859db21 wp-block-button\"><div class=\"uagb-button__wrapper\"><a class=\"uagb-buttons-repeater wp-block-button__link\" aria-label=\"\" href=\"\/wordpress\/gl-groenland-kangerlussuaq\" rel=\"follow noopener\" target=\"_self\"><div class=\"uagb-button__link\">Kangerlussuaq<\/div><span class=\"uagb-button__icon uagb-button__icon-position-after\"><svg xmlns=\"https:\/\/www.w3.org\/2000\/svg\" viewBox=\"0 0 448 512\"><path d=\"M438.6 278.6l-160 160C272.4 444.9 264.2 448 256 448s-16.38-3.125-22.62-9.375c-12.5-12.5-12.5-32.75 0-45.25L338.8 288H32C14.33 288 .0016 273.7 .0016 256S14.33 224 32 224h306.8l-105.4-105.4c-12.5-12.5-12.5-32.75 0-45.25s32.75-12.5 45.25 0l160 160C451.1 245.9 451.1 266.1 438.6 278.6z\"><\/path><\/svg><\/span><\/a><\/div><\/div>\n<\/div><\/div>\n<\/div>\n\n\n\n<div class=\"wp-block-uagb-container uagb-block-4608bc71\">\n<div class=\"wp-block-uagb-advanced-heading uagb-block-4b996ed3\"><h3 class=\"uagb-heading-text\">D\u00e4nemark<\/h3><p class=\"uagb-desc-text\">06.01.2024 &#8211; 09.01.2024<\/p><\/div>\n\n\n\n<p><strong>Das K\u00f6nigreich D\u00e4nemark ist mit seinen rund 5,6 Mio.<\/strong> <strong>Einwohnern das kleinste Land innerhalb Skandinaviens<\/strong>. Mit den F\u00e4r\u00f6er Inseln sowie Gr\u00f6nland bildet das K\u00f6nigreich einen interkontinentalen Staat.<\/p>\n\n\n\n<div class=\"wp-block-uagb-buttons uagb-buttons__outer-wrap uagb-btn__default-btn uagb-btn-tablet__default-btn uagb-btn-mobile__default-btn uagb-block-921a9a72\"><div class=\"uagb-buttons__wrap uagb-buttons-layout-wrap\">\n<div class=\"wp-block-uagb-buttons-child uagb-buttons__outer-wrap uagb-block-0db3bf38 wp-block-button\"><div class=\"uagb-button__wrapper\"><a class=\"uagb-buttons-repeater wp-block-button__link\" aria-label=\"\" href=\"\/wordpress\/gl-daenemark\/\" rel=\"follow noopener\" target=\"_self\"><div class=\"uagb-button__link\">D\u00e4nemark<\/div><span class=\"uagb-button__icon uagb-button__icon-position-after\"><svg xmlns=\"https:\/\/www.w3.org\/2000\/svg\" viewBox=\"0 0 448 512\"><path d=\"M438.6 278.6l-160 160C272.4 444.9 264.2 448 256 448s-16.38-3.125-22.62-9.375c-12.5-12.5-12.5-32.75 0-45.25L338.8 288H32C14.33 288 .0016 273.7 .0016 256S14.33 224 32 224h306.8l-105.4-105.4c-12.5-12.5-12.5-32.75 0-45.25s32.75-12.5 45.25 0l160 160C451.1 245.9 451.1 266.1 438.6 278.6z\"><\/path><\/svg><\/span><\/a><\/div><\/div>\n<\/div><\/div>\n<\/div>\n<\/div>\n<\/div><\/div>\n<\/div><\/div>\n<\/div><\/div>\n","protected":false},"excerpt":{"rendered":"<p>Island \/ Gr\u00f6nland Auf der Jagt nach den Nordlichtern Reiseplan: Es geht mal wieder auf Reisen, Nordlichter anschauen und mal auf dem ewigen Eis stehen.Vom 21.12.2023 bis zum 09.01.2024 schauen wir uns Island und Gr\u00f6nland an. Und danach noch ein paar Tage in D\u00e4nemark zur Rezivilisierung. Was Datum Zeit von Zeit nach Auto 21.12.2023 05:40 [&hellip;]<\/p>\n","protected":false},"author":1,"featured_media":0,"parent":0,"menu_order":0,"comment_status":"closed","ping_status":"closed","template":"","meta":{"_uag_custom_page_level_css":"","site-sidebar-layout":"default","site-content-layout":"","ast-site-content-layout":"default","site-content-style":"default","site-sidebar-style":"default","ast-global-header-display":"","ast-banner-title-visibility":"","ast-main-header-display":"","ast-hfb-above-header-display":"","ast-hfb-below-header-display":"","ast-hfb-mobile-header-display":"","site-post-title":"disabled","ast-breadcrumbs-content":"","ast-featured-img":"","footer-sml-layout":"","ast-disable-related-posts":"","theme-transparent-header-meta":"","adv-header-id-meta":"","stick-header-meta":"","header-above-stick-meta":"","header-main-stick-meta":"","header-below-stick-meta":"","astra-migrate-meta-layouts":"set","ast-page-background-enabled":"default","ast-page-background-meta":{"desktop":{"background-color":"var(--ast-global-color-4)","background-image":"","background-repeat":"repeat","background-position":"center center","background-size":"auto","background-attachment":"scroll","background-type":"","background-media":"","overlay-type":"","overlay-color":"","overlay-opacity":"","overlay-gradient":""},"tablet":{"background-color":"","background-image":"","background-repeat":"repeat","background-position":"center center","background-size":"auto","background-attachment":"scroll","background-type":"","background-media":"","overlay-type":"","overlay-color":"","overlay-opacity":"","overlay-gradient":""},"mobile":{"background-color":"","background-image":"","background-repeat":"repeat","background-position":"center center","background-size":"auto","background-attachment":"scroll","background-type":"","background-media":"","overlay-type":"","overlay-color":"","overlay-opacity":"","overlay-gradient":""}},"ast-content-background-meta":{"desktop":{"background-color":"var(--ast-global-color-5)","background-image":"","background-repeat":"repeat","background-position":"center center","background-size":"auto","background-attachment":"scroll","background-type":"","background-media":"","overlay-type":"","overlay-color":"","overlay-opacity":"","overlay-gradient":""},"tablet":{"background-color":"var(--ast-global-color-5)","background-image":"","background-repeat":"repeat","background-position":"center center","background-size":"auto","background-attachment":"scroll","background-type":"","background-media":"","overlay-type":"","overlay-color":"","overlay-opacity":"","overlay-gradient":""},"mobile":{"background-color":"var(--ast-global-color-5)","background-image":"","background-repeat":"repeat","background-position":"center center","background-size":"auto","background-attachment":"scroll","background-type":"","background-media":"","overlay-type":"","overlay-color":"","overlay-opacity":"","overlay-gradient":""}},"footnotes":""},"class_list":["post-2399","page","type-page","status-publish","hentry"],"uagb_featured_image_src":{"full":false,"thumbnail":false,"medium":false,"medium_large":false,"large":false,"1536x1536":false,"2048x2048":false},"uagb_author_info":{"display_name":"MartinWP","author_link":"https:\/\/familie-brust.diskstation.me\/wordpress\/author\/martinwp\/"},"uagb_comment_info":0,"uagb_excerpt":"Island \/ Gr\u00f6nland Auf der Jagt nach den Nordlichtern Reiseplan: Es geht mal wieder auf Reisen, Nordlichter anschauen und mal auf dem ewigen Eis stehen.Vom 21.12.2023 bis zum 09.01.2024 schauen wir uns Island und Gr\u00f6nland an. Und danach noch ein paar Tage in D\u00e4nemark zur Rezivilisierung. Was Datum Zeit von Zeit nach Auto 21.12.2023 05:40&hellip;","_links":{"self":[{"href":"https:\/\/familie-brust.diskstation.me\/wordpress\/wp-json\/wp\/v2\/pages\/2399","targetHints":{"allow":["GET"]}}],"collection":[{"href":"https:\/\/familie-brust.diskstation.me\/wordpress\/wp-json\/wp\/v2\/pages"}],"about":[{"href":"https:\/\/familie-brust.diskstation.me\/wordpress\/wp-json\/wp\/v2\/types\/page"}],"author":[{"embeddable":true,"href":"https:\/\/familie-brust.diskstation.me\/wordpress\/wp-json\/wp\/v2\/users\/1"}],"replies":[{"embeddable":true,"href":"https:\/\/familie-brust.diskstation.me\/wordpress\/wp-json\/wp\/v2\/comments?post=2399"}],"version-history":[{"count":13,"href":"https:\/\/familie-brust.diskstation.me\/wordpress\/wp-json\/wp\/v2\/pages\/2399\/revisions"}],"predecessor-version":[{"id":2423,"href":"https:\/\/familie-brust.diskstation.me\/wordpress\/wp-json\/wp\/v2\/pages\/2399\/revisions\/2423"}],"wp:attachment":[{"href":"https:\/\/familie-brust.diskstation.me\/wordpress\/wp-json\/wp\/v2\/media?parent=2399"}],"curies":[{"name":"wp","href":"https:\/\/api.w.org\/{rel}","templated":true}]}}